te number?
False
Let q be (-1 - 47)/(-2 - -3). Suppose 240 = -4*l - 148. Let u = q - l. Is u a composite number?
True
Let n(b) = -6*b - 3. Let c be (-6)/9 - (-38)/(-6). Let f = c - -3. Is n(f) composite?
True
Let o = -4 + 9. Suppose -9 + 4 = -5*v, 0 = 5*s + o*v - 430. Is s a composite number?
True
Suppose -h = h - 8. Suppose 16 = h*c, b = -0*b - c + 127. Is b a composite number?
True
Let t = -37 - -104. Is t composite?
False
Let z be -2 + (0 - 3) + 5. Suppose m - 79 - 48 = z. Is m a composite number?
False
Let v(h) = -h**2 + 1. Let k(w) = -2*w**3 + 12*w**2 - 3*w - 8. Let q(s) = -k(s) - 3*v(s). Is q(6) composite?
False
Let t(h) = h**3 - 5*h**2 + 4*h + 2. Let p be t(4). Is 166/p + (-1 - -1) a prime number?
True
Let b = -6 - -10. Let t(i) = 3*i**2 + 4*i - 5. Is t(b) a composite number?
False
Let c(s) be the second derivative of 331*s**4/12 + 5*s. Is c(-1) a prime number?
True
Let o(c) = 2*c**2 + 6*c - 23. Is o(18) prime?
True
Let c = 81 - 16. Is c composite?
True
Suppose -5*h - 1256 = -4*b, -7*b - 1265 = 5*h - 2*b. Let m be (-1 + 4)/(1/(-47)). Let r = m - h. Is r composite?
True
Let i(k) = -k**2 + 7*k + 8. Let l be i(8). Suppose 2*u - 2*y + 5*y - 437 = l, -5*y = 4*u - 873. Is u a prime number?
False
Let i = 15 + -11. Suppose -i*j = -j. Suppose -2*d - 2*d + 104 = j. Is d composite?
True
Suppose -7*h = 2*h - 18477. Is h a prime number?
True
Let y(u) = -5*u**3 - 4*u**2 - 3*u + 9. Is y(-4) a composite number?
False
Let k(v) = -26*v - 61. Is k(-21) a composite number?
True
Is (-8)/(-28) + (-16326)/(-42) prime?
True
Suppose -4*b - 528 = -2012. Suppose -10 - b = -3*l. Is l a composite number?
False
Suppose 3*o - 395 = -5*c - 76, 16 = -4*c. Let x = 44 + o. Is x composite?
False
Suppose -253 = -5*d + t, -5*t + 27 = d - 34. Let l = 28 + d. Is l a composite number?
False
Suppose -q - 3*q - 3*j + 29 = 0, 2*j - 6 = 0. Suppose -q*z = -7*z. Suppose -4*r + o = -70 - 19, z = -2*r - 4*o + 22. Is r a composite number?
True
Suppose 0 = -3*d + 2*y - 147, -7*y = -d - 2*y - 62. Let i = d - -126. Is i a prime number?
True
Is (-15 + 770)/(0 - -1) a composite number?
True
Suppose 6*y = 4*y + 806. Is y a composite number?
True
Is 4/18 + (-22088)/(-72) a composite number?
False
Suppose 0 = -5*z - s + 11, 3*z + 5*s = -0*s + 11. Suppose 0 = -z*t - 0*t + 518. Is t a prime number?
False
Suppose 0 = -4*h + 3*j - 2*j + 2690, j = -3*h + 2021. Is h prime?
True
Suppose 1411 = k - y, 5*k + 3*y = 2*y + 7043. Is k a composite number?
False
Let g = -1 - -6. Let d = g + -2. Suppose 2*r + 0*r + d*p - 57 = 0, r + 4*p = 41. Is r prime?
False
Suppose 4*j - 14 = -50. Let b = j + 49. Suppose -5*z + b = 10. Is z a composite number?
True
Let x(h) = -7*h + 15. Is x(-17) composite?
True
Suppose -2*s = -2*q + 3*q - 419, -2*s = 2*q - 828. Is q prime?
True
Let h(v) be the third derivative of -v**4/24 + 5*v**3/6 + 9*v**2. Is h(-16) a prime number?
False
Suppose -2*z - 2*z + 5*v = -104, -5*z + 135 = -5*v. Suppose -4*f = -3*f - z. Is f a prime number?
True
Suppose -3*c - h + 13673 = -6*h, -5*h = -c + 4551. Is c a prime number?
True
Let f = 2403 + -1216. Is f prime?
True
Let j(h) = -h**3 + 13*h**2 + h + 6. Is j(11) a prime number?
False
Suppose 0 = -3*p - 442 + 2749. Is p prime?
True
Suppose -w - 2*w = 0. Suppose w = -0*h - 2*h. Is 8/(-16)*(h + -98) a composite number?
True
Let l(n) be the second derivative of n**6/360 - n**5/120 + 11*n**4/8 + n**3/3 - 2*n. Let u(p) be the second derivative of l(p). Is u(0) prime?
False
Suppose -p - 104 = -3*p. Is (1/1)/(4/p) a composite number?
False
Let y(x) = x**3 + 5*x**2 + 3*x - 2. Let m be y(-4). Let z(f) = 18*f - 3. Let h(q) = 53*q - 10. Let o(s) = -2*h(s) + 7*z(s). Is o(m) prime?
False
Let s(l) = -2*l + 3. Let y(u) = -4*u + 7. Let a(i) = 5*s(i) - 2*y(i). Is a(-5) a composite number?
False
Let h(p) = -p**3 + 23*p**2 - 17*p + 18. Is h(19) composite?
True
Suppose 2*p + 900 = 5*z - 439, -5*z + 3*p + 1336 = 0. Is z prime?
True
Suppose -4*i + 10193 = -6635. Is i a prime number?
False
Let z(q) = 356*q**2 - 4*q + 21. Is z(-5) composite?
False
Let n(z) = 15*z + 11. Is n(16) prime?
True
Let a = -2 - 4. Let d(v) be the first derivative of -v**4/4 + 4*v**3/3 - v**2 - v + 18. Is d(a) a composite number?
True
Let f(i) = i + 99. Let m be (-6 + 6)/(1*-1). Let a be f(m). Suppose -a = -3*t + 3. Is t a prime number?
False
Suppose -5*y - 91 = -726. Is y prime?
True
Let x be 72 + 3 - (-6)/(-2). Let s = x + -15. Is s a prime number?
False
Suppose 17 = h + 2*l, -2*h + 0*l = -5*l - 7. Suppose h = -3*c + 35. Let m(g) = g**2 - 7*g + 6. Is m(c) a prime number?
False
Let u be 416/6*(-2 - -17). Is (-2)/(-9) + u/18 a prime number?
False
Let p(n) = n**2 + n - 2. Let a be p(2). Suppose 2*b = -2*b + a*r + 32, -6 = 3*b + 3*r. Is b composite?
False
Let l(z) = 4*z - z**2 - z - 2 + 2*z. Let n be l(3). Suppose 0 = y + 3*f + 20 - 70, -216 = -n*y + 4*f. Is y composite?
False
Suppose 0 = 3*g + 1 + 14. Let k = -3 - g. Suppose 5*f + k*v = -2*v + 29, 0 = -4*f + v + 40. Is f a composite number?
True
Let b(a) = -2*a**2 + 6*a + 2. Let m be 1*(2 + 5 + -1). Let n be b(m). Is (-6)/(-3) + -3 - n a prime number?
False
Let r be (-544)/12 + 2/(-3). Let m = 92 + r. Suppose 4*p = 3*x + m, 3*p - 39 = 4*x - 1. Is p prime?
False
Let h = -51 - 23. Is ((-3)/(-6) - 1)*h a composite number?
False
Suppose -5*g + 9 = -2*g. Suppose 0 = -g*i + 5*s + 533 - 139, i - 4*s - 129 = 0. Is i prime?
False
Let y(q) = 2*q**2 - 7*q + 3. Let i be y(5). Is 1/(-3) + 2616/i composite?
True
Let k(b) = -27*b - 1. Let c(x) be the second derivative of -x**4/4 + x**2/2 - x. Let s be c(1). Is k(s) prime?
True
Is (4/(-6))/((-14)/38283) composite?
False
Is (14/(-28))/((-2)/1516) prime?
True
Is 795/10*(-2)/(-3) prime?
True
Let o be 1 + -2 - 1*-3. Let p be ((-2)/6)/(o/(-30)). Suppose n - 58 = -2*n - 4*d, 0 = 2*n - p*d - 8. Is n composite?
True
Let i(y) = 3*y - 7. Let c be i(6). Suppose 0 = -2*g + c - 1. Suppose -4*b = -3*r + 65, -r + g*b + 105 = 4*r. Is r composite?
False
Suppose -v + 1421 = 6*v. Is v prime?
False
Suppose 4*w - i - 9 = 0, 3*i = -5*w + 5*i + 9. Let d be (-212)/(-3) - 2/w. Suppose -d = -4*a - a. Is a a prime number?
False
Suppose -3*b = 15, -5*u = -2*u - 3*b - 246. Is u a composite number?
True
Let q(d) = -4*d**3 + 9*d**2 - 13*d - 4. Let k(u) = -u**3 + 2*u**2 - 3*u - 1. Let m(x) = 9*k(x) - 2*q(x). Is m(-4) a composite number?
False
Let r be 2 + -85 - 2*2. Let k be (-512)/(-3) + (-4)/6. Let x = k + r. Is x a composite number?
False
Suppose 0 = -p - 2*p - 4*l + 245, 5*l = -4*p + 325. Suppose -10 = -5*j - 5*i + 90, 0 = 4*j + 5*i - p. Is j prime?
False
Let r(n) = 6*n - 6. Let q be r(7). Suppose 4 = t, -4*m + 3*t + 0*t = -q. Let w = 47 + m. Is w a composite number?
False
Let y(z) = z + 13. Let k be y(0). Let o = k - -8. Is o a prime number?
False
Is (1401 - (-1 + 3))*1 a prime number?
True
Suppose -55*u + 49*u + 4518 = 0. Is u prime?
False
Suppose -2*o + o - 2 = 0. Let h be 3/(3/2) - o. Suppose -h*i = -3*b + 5*b - 84, i - b = 24. Is i a prime number?
False
Let j(q) = 2855*q**3 + q**2 - 3*q + 2. Is j(1) prime?
False
Let q(p) = 7*p**2 + 6*p + 10. Let w be q(-7). Suppose -2*v - 57 = -w. Is v composite?
False
Suppose 5*w - 668 = -b, 7*w = -2*b + 11*w + 1350. Is b a composite number?
False
Suppose 1 = s, 3*s = y - 2*s. Suppose -y*t = -0 - 10. Is t a composite number?
False
Let v = -2 + 7. Let p(a) = -v*a**2 - 1 + 3*a**2 - 32*a**3 + 2. Is p(-1) composite?
False
Let v = 946 + 151. Is v a composite number?
False
Is (-6)/10 + 1 - (-124642)/70 a composite number?
True
Suppose 2*y - 310 = 64. Is y prime?
False
Let x(m) = -m**3 - 8*m**2 + 12*m - 8. Is x(-11) a prime number?
True
Let u be (8/(-6))/(6/(-9)). Suppose 6 = -4*w - 3*t + 3, w - u*t = 13. Suppose 2*m = 4*z - 156, 0*z = 2*z - w*m - 78. Is z a composite number?
True
Let c(u) = 7*u**2 + 5*u + 12. Let q be c(-9). Is (2/3)/(4/q) prime?
True
Suppose 8*m - 4*m + 32 = 0. Let c be (-4)/(m/26) - -1. Suppose t = c + 19. Is t a composite number?
True
Let i(z) = 6*z**2 - 3*z + 5. Is i(-4) composite?
False
Is ((-419)/(-3))/(2/6) a composite number?
False
Let d = -107 + 196. Is d composite?
False
Let k(g) = -3*g - 2*g + 6*g + 8*g**2 - 85*g**2. Let o be k(1). Let s = 133 + o. Is s a prime number?
False
Let a = 1440 - 467. Is a prime?
False
Let g(s) = s**2 + 9*s - 2. Let y be g(-8). Let f = 2 + y. Is (-2682)/